es 21 divide 14490?
True
Does 3 divide 2755?
False
Does 6 divide 4895?
False
Is 1331 a multiple of 18?
False
Is 371 a multiple of 15?
False
Is 50 a factor of 1200?
True
Is 1050 a multiple of 15?
True
Is 16 a factor of 9193?
False
Does 11 divide 22297?
True
Is 2862 a multiple of 22?
False
Does 7 divide 604?
False
Is 23 a factor of 80914?
True
Is 16 a factor of 2873?
False
Is 16 a factor of 16?
True
Does 12 divide 12096?
True
Does 3 divide 1574?
False
Does 28 divide 389?
False
Does 25 divide 144250?
True
Is 6 a factor of 869?
False
Is 2 a factor of 11210?
True
Does 31 divide 571?
False
Is 6084 a multiple of 52?
True
Is 30 a factor of 6953?
False
Is 2082 a multiple of 91?
False
Is 22 a factor of 5653?
False
Is 18 a factor of 392?
False
Is 19 a factor of 908?
False
Does 17 divide 51?
True
Is 64 a factor of 15652?
False
Is 97704 a multiple of 414?
True
Is 11 a factor of 769?
False
Is 12 a factor of 4289?
False
Is 1786 a multiple of 158?
False
Is 1116 a multiple of 124?
True
Is 40 a factor of 29120?
True
Is 5 a factor of 20?
True
Is 15722 a multiple of 23?
False
Is 30 a factor of 5760?
True
Is 10045 a multiple of 49?
True
Is 1262 a multiple of 52?
False
Does 8 divide 479?
False
Does 19 divide 8721?
True
Does 178 divide 3738?
True
Is 24652 a multiple of 4?
True
Is 16 a factor of 784?
True
Does 8 divide 80?
True
Does 29 divide 899?
True
Is 371 a factor of 39830?
False
Is 126 a factor of 6682?
False
Is 1352 a multiple of 8?
True
Is 5190 a multiple of 31?
False
Is 2 a factor of 58?
True
Is 4318 a multiple of 79?
False
Is 3888 a multiple of 15?
False
Is 1610 a multiple of 5?
True
Does 67 divide 93?
False
Is 47 a factor of 1403?
False
Does 138 divide 1104?
True
Does 21 divide 581?
False
Is 11 a factor of 8360?
True
Is 52864 a multiple of 56?
True
Is 288 a multiple of 32?
True
Is 15 a factor of 28770?
True
Does 95 divide 24510?
True
Does 45 divide 13275?
True
Is 5231 a multiple of 15?
False
Is 5 a factor of 785?
True
Does 40 divide 5036?
False
Is 4227 a multiple of 36?
False
Is 19769 a multiple of 9?
False
Does 92 divide 6256?
True
Does 16 divide 5328?
True
Is 17 a factor of 6273?
True
Is 3997 a multiple of 35?
False
Is 46 a factor of 736?
True
Does 5 divide 729?
False
Is 4 a factor of 3970?
False
Is 6 a factor of 3816?
True
Is 8 a factor of 3144?
True
Does 10 divide 30587?
False
Is 44388 a multiple of 18?
True
Does 15 divide 25911?
False
Is 169 even?
False
Is 348 a multiple of 58?
True
Is 2025 a multiple of 131?
False
Does 14 divide 1708?
True
Does 63 divide 49166?
False
Does 8 divide 1336?
True
Is 8160 a multiple of 12?
True
Does 17 divide 821?
False
Does 22 divide 473?
False
Is 169 a multiple of 169?
True
Does 9 divide 375?
False
Does 52 divide 8665?
False
Is 25 a factor of 1800?
True
Is 5320 a multiple of 14?
True
Is 1159 a multiple of 19?
True
Is 434 a multiple of 14?
True
Is 44107 a multiple of 18?
False
Is 52198 a multiple of 69?
False
Does 35 divide 721?
False
Does 30 divide 8569?
False
Is 3 a factor of 1348?
False
Is 488 a multiple of 8?
True
Does 31 divide 12152?
True
Is 28 a factor of 28?
True
Is 8694 a multiple of 34?
False
Is 113 a factor of 25066?
False
Is 12224 a multiple of 15?
False
Is 11132 a multiple of 46?
True
Is 31 a factor of 13640?
True
Does 79 divide 1422?
True
Is 18018 a multiple of 99?
True
Does 16 divide 912?
True
Is 1763 a multiple of 43?
True
Is 112 a multiple of 56?
True
Does 21 divide 4830?
True
Is 44368 a multiple of 16?
True
Is 13 a factor of 67439?
False
Is 47 a factor of 62557?
True
Is 94 a factor of 376?
True
Is 880 a multiple of 8?
True
Does 5 divide 3582?
False
Is 93 a factor of 45942?
True
Is 1411 a multiple of 17?
True
Is 29 a multiple of 2?
False
Does 65 divide 44200?
True
Is 518 a multiple of 73?
False
Is 65 a factor of 9685?
True
Is 14 a factor of 67970?
True
Is 1078 a multiple of 3?
False
Is 70 a multiple of 35?
True
Is 264 a multiple of 24?
True
Is 7139 a multiple of 59?
True
Is 5 a factor of 441?
False
Does 32 divide 17637?
False
Does 211 divide 22155?
True
Is 50222 a multiple of 61?
False
Does 23 divide 168?
False
Is 3 a factor of 5519?
False
Does 80 divide 50265?
False
Does 32 divide 736?
True
Is 350 a factor of 11900?
True
Is 160 a factor of 6400?
True
Is 131 a factor of 6086?
False
Does 28 divide 784?
True
Does 4 divide 4314?
False
Is 459 a multiple of 4?
False
Is 767 a multiple of 43?
False
Is 12 a factor of 3384?
True
Is 36 a factor of 720?
True
Is 5 a factor of 2971?
False
Is 15 a factor of 43482?
False
Is 29980 a multiple of 20?
True
Is 61 a factor of 2989?
True
Is 167 a multiple of 5?
False
Is 57 a multiple of 17?
False
Is 47 a factor of 3854?
True
Is 10975 a multiple of 88?
False
Is 14848 a multiple of 26?
False
Is 7 a factor of 222?
False
Does 16 divide 500?
False
Does 9 divide 94950?
True
Does 32 divide 1489?
False
Does 125 divide 9586?
False
Is 16 a factor of 5125?
False
Does 32 divide 80?
False
Is 39 a factor of 11193?
True
Is 8708 a multiple of 14?
True
Is 8910 a multiple of 18?
True
Is 42021 a multiple of 21?
True
Is 18 a factor of 6483?
False
Is 324 a multiple of 54?
True
Is 43 a factor of 19049?
True
Does 4 divide 666?
False
Is 13 a factor of 1349?
False
Is 1626 a multiple of 6?
True
Is 19334 a multiple of 18?
False
Does 85 divide 12155?
True
Is 104 a factor of 7661?
False
Is 22656 a multiple of 49?
False
Is 33 a factor of 660?
True
Does 43 divide 6622?
True
Is 1650 a multiple of 50?
True
Is 1771 a multiple of 95?
False
Does 22 divide 25708?
False
Is 384 a multiple of 64?
True
Is 12 a factor of 189?
False
Does 28 divide 397?
False
Does 114 divide 7410?
True
Is 80 a factor of 2640?
True
Does 20 divide 2396?
False
Is 10 a factor of 45?
False
Is 18706 a multiple of 47?
True
Does 61 divide 4270?
True
Does 16 divide 13984?
True
Is 1104 a multiple of 21?
False
Is 117 a factor of 20358?
True
Is 935 a multiple of 11?
True
Does 27 divide 23463?
True
Is 71925 a multiple of 15?
True
Does 18 divide 29736?
True
Is 25 a factor of 972?
False
Is 392 a multiple of 7?
True
Does 139 divide 2780?
True
Does 8 divide 1376?
True
Does 28 divide 67396?
True
Is 16 a factor of 35616?
True
Does 40 divide 40205?
False
Is 96 a multiple of 12?
True
Is 36810 a multiple of 45?
True
Is 7 a factor of 244?
False
Does 133 divide 9213?
False
Is 91 a factor of 2912?
True
Does 4 divide 3843?
False
Is 12 a factor of 1224?
True
Is 1267 a multiple of 2?
False
Does 10 divide 3300?
True
Is 22 a factor of 19888?
True
Does 12 divide 32244?
True
Is 16 a factor of 688?
True
Does 81 divide 57911?
False
Is 8 a factor of 206?
False
Is 8 a factor of 520?
True
Is 10 a factor of 401?
False
Is 190 a factor of 23678?
False
Is 6 a factor of 196?
False
Does 64 divide 847?
False
Is 34368 a multiple of 84?
False
Is 546 a multiple of 39?
True
Is 8 a factor of 96?
True
Is 21 a factor of 5526?
False
Does 44 divide 17493?
False
Does 24 divide 3200?
False
Is 1366 a multiple of 7?
False
Is 42 a factor of 9660?
True
Does 10 divide 3300?
True
Is 767 a multiple of 2?
False
Does 32 divide 5696?
True
Does 9 divide 4424?
False
Is 97 a factor of 20386?
False
Does 14 divide 1467?
False
Does 18 divide 2436?
False
Is 7 a factor of 11977?
True
Is 70 a multiple of 35?
True
Does 10 divide 136834?
False
Is 5849 a multiple of 13?
False
Is 5469 a multiple of 18?
False
Does 78 divide 78?
True
Does 40 divide 467?
False
Is 142 a factor of 12922?
True
Is 39 even?
False
Is 44 a factor of 31300?
False
Is 14 a factor of 6496?
True
Is 2959 a multiple of 41?
False
Does 20 divide 540?
True
Is 1832 a multiple of 2?
True
Does 37 divide 7818?
False
Does 22 divide 56456?
False
Is 5096 a multiple of 27?
False
Is 1834 a multiple of 49?
False
Is 70 a factor of 5532?
False
Does 64 divide 206?
False
Does 90 divide 5825?
False
Does 113 divide 779?
False
Is 4 a factor of 92?
True
Is 54575 a multiple of 247?
False
Does 10 divide 107?
False
Is 47 a multiple of 4?
False
Does 3 divide 169?
False
Does 62 divide 2835?
False
Is 1549 a multiple of 24?
False
Is 12 a factor of 13995?
False
Is 4 a factor of 2108?
True
Is 1424 even?
True
Does 12 divide 167?
False
Is 3439 a multiple of 181?
True
Does 144 divide 6075?
False
Does 10 divide 32650?
True
Does 65 divide 796?
False
Is 9280 a multiple of 58?
True
Does 75 divide 17850?
True
Does 6 divide 5335?
False
Is 7 a factor of 1712?
False
Does 100 divide 